13?
-3
Convert -2 (base 5) to base 9.
-2
-18 (base 13) to base 2
-10101
What is 6 (base 12) in base 6?
10
Convert -17 (base 16) to base 12.
-1b
What is -4 (base 10) in base 14?
-4
What is 222 (base 10) in base 16?
de
What is -40 (base 8) in base 9?
-35
-301 (base 5) to base 10
-76
Convert -9 (base 15) to base 6.
-13
10 (base 6) to base 14
6
What is -11 (base 2) in base 5?
-3
Convert 24 (base 6) to base 4.
100
What is -43 (base 11) in base 15?
-32
What is 1 (base 3) in base 12?
1
Convert 2 (base 9) to base 15.
2
-11 (base 2) to base 16
-3
4 (base 6) to base 10
4
251 (base 7) to base 9
158
What is -e (base 16) in base 13?
-11
11010111 (base 2) to base 14
115
Convert -11 (base 2) to base 7.
-3
0 (base 16) to base 5
0
Convert 6 (base 12) to base 9.
6
-3 (base 12) to base 8
-3
What is 16 (base 8) in base 5?
24
What is -1 (base 8) in base 7?
-1
What is 197 (base 14) in base 11?
27a
Convert 133 (base 4) to base 16.
1f
Convert -3 (base 13) to base 14.
-3
What is -213 (base 6) in base 16?
-51
Convert 25 (base 10) to base 7.
34
-89 (base 11) to base 10
-97
Convert 1 (base 15) to base 14.
1
-111 (base 14) to base 10
-211
Convert 3 (base 11) to base 3.
10
What is -10110 (base 2) in base 16?
-16
Convert 41 (base 11) to base 4.
231
What is -22 (base 11) in base 9?
-26
-20 (base 6) to base 7
-15
Convert 1 (base 13) to base 15.
1
What is -4 (base 15) in base 5?
-4
What is -1c (base 15) in base 13?
-21
Convert 100 (base 4) to base 13.
13
13 (base 10) to base 9
14
What is b (base 13) in base 7?
14
Convert -1101101 (base 2) to base 9.
-131
What is 98 (base 11) in base 13?
83
-2 (base 7) to base 6
-2
What is -5 (base 7) in base 13?
-5
Convert -11113 (base 4) to base 10.
-343
40 (base 13) to base 6
124
-19 (base 15) to base 11
-22
What is 12100 (base 3) in base 13?
b1
-9 (base 14) to base 10
-9
What is -21 (base 14) in base 6?
-45
56 (base 7) to base 5
131
What is -433 (base 5) in base 6?
-314
2 (base 9) to base 12
2
Convert 111 (base 3) to base 9.
14
10 (base 5) to base 6
5
Convert 3 (base 9) to base 2.
11
What is -48 (base 9) in base 4?
-230
2002 (base 3) to base 7
110
22 (base 5) to base 15
c
Convert 7 (base 12) to base 10.
7
Convert -5 (base 10) to base 6.
-5
3a (base 14) to base 15
37
105 (base 7) to base 15
39
What is -18 (base 13) in base 4?
-111
Convert -a (base 15) to base 9.
-11
Convert 0 (base 12) to base 15.
0
Convert 0 (base 9) to base 15.
0
What is -164 (base 8) in base 3?
-11022
What is -1 (base 3) in base 13?
-1
What is -11111 (base 2) in base 14?
-23
Convert -14 (base 6) to base 12.
-a
Convert 0 (base 4) to base 6.
0
Convert -264 (base 11) to base 14.
-184
e (base 15) to base 12
12
What is -17 (base 13) in base 8?
-24
3 (base 8) to base 2
11
What is -45 (base 15) in base 10?
-65
Convert 1 (base 5) to base 14.
1
-3 (base 7) to base 10
-3
Convert -7c (base 13) to base 4.
-1213
Convert 421 (base 6) to base 13.
c1
What is -5 (base 10) in base 7?
-5
-2201 (base 3) to base 11
-67
-6b (base 13) to base 12
-75
Convert 3 (base 6) to base 14.
3
-11 (base 10) to base 4
-23
What is 34 (base 5) in base 6?
31
What is 26 (base 8) in base 15?
17
9 (base 12) to base 11
9
Convert -210 (base 4) to base 11.
-33
What is -3 (base 8) in base 3?
-10
-313 (base 6) to base 14
-85
Convert -4 (base 14) to base 11.
-4
What is -7 (base 8) in base 4?
-13
1130 (base 4) to base 14
68
-5 (base 9) to base 11
-5
-2233 (base 4) to base 9
-214
1000010 (base 2) to base 15
46
4 (base 6) to base 9
4
What is -352 (base 7) in base 12?
-134
Convert -52 (base 6) to base 9.
-35
What is -9 (base 13) in base 12?
-9
-b6 (base 12) to base 6
-350
What is -4 (base 11) in base 10?
-4
What is 67 (base 12) in base 11?
72
75 (base 14) to base 9
124
Convert a (base 12) to base 10.
10
What is 75 (base 11) in base 3?
10001
What is 3a (base 15) in base 2?
110111
What is 11 (base 3) in base 5?
4
Convert 0 (base 16) to base 14.
0
What is -15 (base 6) in base 10?
-11
Convert -32 (base 7) to base 3.
-212
3 (base 15) to base 6
3
Convert 0 (base 15) to base 8.
0
What is 203 (base 4) in base 10?
35
What is 10 (base 2) in base 15?
2
Convert 21000 (base 3) to base 12.
139
13 (base 5) to base 6
12
Convert 7 (base 14) to base 8.
7
What is -98 (base 12) in base 11?
-a6
30 (base 6) to base 5
33
68 (base 14) to base 12
78
36 (base 13) to base 2
101101
Convert 8 (base 15) to base 12.
8
What is 10000 (base 2) in base 9?
17
Convert 1 (base 12) to base 5.
1
What is -10001000 (base 2) in base 4?
-2020
What is -25 (base 16) in base 13?
-2b
-1 (base 11) to base 10
-1
Convert -1 (base 4) to base 5.
-1
-17 (base 13) to base 4
-110
-1b (base 15) to base 9
-28
39 (base 14) to base 5
201
-149 (base 12) to base 8
-311
16 (base 15) to base 6
33
Convert 100 (base 4) to base 16.
10
Convert -23 (base 5) to base 12.
-11
100101 (base 2) to base 14
29
Convert 4 (base 15) to base 10.
4
What is 125 (base 7) in base 4?
1010
20 (base 7) to base 13
11
-11 (base 2) to base 8
-3
What is 4 (base 13) in base 2?
100
47 (base 10) to base 5
142
5 (base 16) to base 6
5
What is -215 (base 11) in base 13?
-16b
1 (base 14) to base 2
1
What is -6 (base 15) in base 3?
-20
What is -4 (base 12) in base 5?
-4
Convert -1023 (base 4) to base 7.
-135
What is 20100 (base 3) in base 4?
2223
Convert 3 (base 15) to base 4.
3
What is -1 (base 10) in base 16?
-1
0 (base 10) to base 5
0
3 (base 5) to base 6
3
What is -10 (base 2) in base 14?
-2
Convert 3 (base 16) to base 8.
3
What is -22 (base 9) in base 15?
-15
What is 14 (base 9) in base 4?
31
Convert -13 (base 8) to base 16.
-b
What is 23 (base 5) in base 9?
14
Convert 0 (base 12) to base 7.
0
Convert -42 (base 5) to base 2.
-10110
What is -1 (base 8) in base 2?
-1
Convert 4 (base 14) to base 5.
4
What is 213 (base 4) in base 7?
54
Convert 3 (base 14) to base 16.
3
What is -97 (base 14) in base 6?
-341
-30 (base 7) to base 11
-1a
What is -15 (base 15) in base 3?
-202
Convert 100010010 (base 2) to base 4.
10102
44 (base 6) to base 16
1c
What is 0 (base 2) in base 15?
0
2 (base 3) to base 4
2
Convert -425 (base 8) to base 11.
-232
Convert -2 (base 15) to base 5.
-2
17 (base 10) to base 11
16
Convert 120 (base 9) to base 12.
83
What is 223 (base 4) in base 3?
1121
Convert -21 (base 3) to base 6.
-11
What is -288 (base 9) in base 16?
-f2
-1 (base 6) to base 7
-1
-7 (base 9) to base 6
-11
Convert -30 (base 5) to base 3.
-120
-2212 (base 5) to base 13
-1a8
8 (base 14) to base 13
8
10100 (base 2) to base 13
17
Convert 0 (base 9) to base 15.
0
What is -1400 (base 5) in base 10?
-225
What is 132 (base 5) in base 6?
110
22 (base 6) to base 5
24
Convert 1 (base 10) to base 3.
1
Convert -3 (base 7) to base 8.
-3
Convert -1021 (base 3) to base 2.
-100010
-10000001 (base 2) to base 3
-11210
Convert -2 (base 9) to base 16.
-2
What is -bb (base 13) in base 12?
-10a
What is 23 (base 12) in base 9?
30
Convert 0 (base 11) to base 3.
0
-1011000 (base 2) to base 10
-88
What is -13 (base 8) in base 2?
-1011
What is 232 (base 5) in base 8?
103
Convert 31 (base 6) to base 10.
19
-20 (base 4) to base 11
-8
-7 (base 13) to base 3
-21
Convert 8 (base 11) to base 9.
8
Convert -11 (base 7) to base 2.
-1000
Convert -222 (base 3) to base 13.
-20
What is 10 (base 5) in base 10?
5
Convert 2 (base 14) to base 3.
2
What is 1010 (base 2) in base 16?
a
What is 85 (base 14) in base 6?
313
Convert 26 (base 14) to base 3.
1021
Convert 6 (base 13) to base 10.
6
2a (base 15) to base 16
28
Convert 101 (base 2) to base 3.
12
373 (base 9) to base 12
219
Convert -1 (base 5) to base 3.
-1
What is 14 (base 11) in base 4?
33
What is 3 (base 11) in base 6?
3
What is 2232 (base 5) in base 11?
269
-10 (base 4) to base 16
-4
10 (base 12) to base 3
110
Convert 0 (base 13) to base 7.
0
Convert 1 (base 15) to base 10.
1
What is -16 (base 10) in base 12?
-14
-63 (base 13) to base 16
-51
-131 (base 5) to base 4
-221
What is 11110 (base 2) in base 3?
1010
63 (base 9) to base 16
39
What is -112210 (base 3) in base 13?
-249
What is -1101 (base 2) in base 7?
-16
6 (base 7) to base 16
6
88 (base 14) to base 9
143
-2 (base 7) to base 15
-2
3 (base 16) to base 9
3
What is 3 (base 4) in base 12?
3
What is 80 (base 9) in base 5?
242
-188 (base 16) to base 15
-1b2
Convert 13 (base 4) to base 10.
7
-4 (base 12) to base 5
-4
Convert 22 (base 3) to base 6.
12
6 (base 15) to base 7